56)/(-6). What is the remainder when r(t) is divided by o(4)?
2
Let d = -47 + 147. Calculate the remainder when d is divided by 34.
32
Suppose 3*y - 649 = -p, -634 = -3*y - 0*y - 4*p. Suppose -12*x - 110 = -14*x. What is the remainder when y is divided by x?
53
Suppose f - 3*n - 12 = -5*n, 5*f - 4*n = 18. Let y(z) = -z**3 + 4*z**2 + 14*z - 4. Calculate the remainder when 39 is divided by y(f).
7
Let r be 214/6 + 9/27. Suppose 4*h = -4*g + r, -h = 1 - 2. What is the remainder when g is divided by 5?
3
Let x(t) = -14*t - 7. Let y be x(-6). Let m = 136 - y. What is the remainder when m is divided by 15?
14
Suppose 5*i = 4*w - 53 - 12, 4*i + 30 = w. Calculate the remainder when w is divided by 3.
1
Calculate the remainder when -1 - 0 - 13/(39/(-186)) is divided by 14.
5
Let u = 517 - 492. What is the remainder when 1397 is divided by u?
22
Let p(n) = -n**3 + 6*n**2 + 13*n + 5. Let r be p(7). Let s = r + -36. Calculate the remainder when 21 is divided by s.
10
Let u(l) = -16*l - 112. What is the remainder when 62 is divided by u(-8)?
14
Let o = -746 + 916. What is the remainder when o is divided by 4?
2
Suppose s - 4*n = -5, s + 22 = 5*s + 5*n. Suppose -2*q = -q - 4*a - 38, -s*a = q - 59. Calculate the remainder when q is divided by 13.
11
Let a(k) = 2*k**3 - 35*k**2 + 30*k + 41. Let o(g) = -g**3 + 17*g**2 - 15*g - 21. Let n(q) = -2*a(q) - 5*o(q). What is the remainder when n(14) is divided by 7?
2
Let p = 41 + -30. Let g = 14 - p. Suppose -212 = -7*q + g*q. Calculate the remainder when q is divided by 11.
9
Let l(d) be the second derivative of -d**4/3 - 7*d**3/2 + 3*d**2/2 + 40*d. Calculate the remainder when 14 is divided by l(-5).
6
Suppose -d + 14 = 17. What is the remainder when 1/(1992/663 + d) is divided by 32?
29
Let a = 15 + -13. Suppose 5*q + 55 = -5*l, -2 = 2*l - l - a*q. Let p(b) = -b**2 - 9*b + 1. What is the remainder when p(l) is divided by 5?
4
Suppose 0 = -23*h + 22*h + 26. Let n = -21 + h. Let a = -5 - -18. Calculate the remainder when a is divided by n.
3
Let q be ((-12)/15)/(-3 - (-1131)/375). Let u = q + 69. What is the remainder when 94 is divided by u?
18
Let c = 33 - 29. Suppose c*i + 0*i - 20 = 0, -p = -i - 16. What is the remainder when 40 is divided by p?
19
Suppose -h + 564 = 5*k - 1000, -3*h - 3 = 0. What is the remainder when k is divided by 63?
61
Suppose -2*p - 4 = 0, 3*a - 20 = -2*a - 5*p. Suppose 3*j = a*j - 57. What is the remainder when 90 is divided by j?
14
What is the remainder when 115 is divided by (2 + 0)*(-14)/28 - -60?
56
Suppose 2*w = -20 + 4. Calculate the remainder when (0 - 12/(-15))/(w/(-820)) is divided by 28.
26
Let m be (-3 - -4)/((-3)/(-3 + 18)). Let f(r) = -r**3 - 3*r**2 + 11*r + 39. What is the remainder when 131 is divided by f(m)?
29
Let s(n) = -n**2 + 17*n + 37. Let f = 8 - 1. Let i = 6 + f. What is the remainder when s(17) is divided by i?
11
Let q be (3*4 + -1)/1. Suppose -55 = -3*d + 17. Let a = d - q. Calculate the remainder when 22 is divided by a.
9
Let z(o) = -16*o**3 - o**2 + o + 1. What is the remainder when z(-2) is divided by 33?
24
Let x = 31 + -10. Suppose -4*l = -2*t - l + 39, -3*l = -t + 27. Calculate the remainder when x is divided by t.
9
Suppose 0 = -2*c - 4*z + 164, 0 = 3*c + 5*z - 118 - 133. Calculate the remainder when c is divided by 23.
0
Suppose 18*r - 9080 = 11656. Calculate the remainder when r is divided by 15.
12
What is the remainder when 283 is divided by 5/20 + (-1528)/(-32)?
43
Let l(v) = 104*v**3 - 5*v + 4. Suppose -3*f = 3*p - 30, -4*f + 4*p + 0*p + 80 = 0. Calculate the remainder when l(1) is divided by f.
13
Let p be 7/(-21) + 1/3. Let i = 34 - p. Calculate the remainder when 66 is divided by i.
32
Suppose 67*f = -2025 + 31304. Calculate the remainder when f is divided by 88.
85
Suppose 4*p - 19 - 921 = 0. Calculate the remainder when p is divided by 30.
25
Let v(a) = 28*a**3 - 3*a + 1. Calculate the remainder when 1*-1 - 153/(-3) is divided by v(1).
24
Let a(p) = p**3 + 18*p**2 + 76*p - 33. Calculate the remainder when a(-10) is divided by 1 - (2 - (4 - 0)).
1
Suppose -61 = -l - 2*j, 5*l = 3*l + 3*j + 87. Let u = -32 + l. Let k = -22 + 97. What is the remainder when k is divided by u?
18
Let m = 16 - -102. Let h = m + -114. Calculate the remainder when 14 is divided by h.
2
Let s(y) = -1 - 5*y**3 - 5*y + 4*y - y + 0. Let r be s(-1). Suppose 402 = -0*l + r*l. What is the remainder when l is divided by 23?
21
Let w = -34 - -39. Calculate the remainder when 27 is divided by 48/w - 2/(-5).
7
Suppose -10*y - 30*y = -1880. What is the remainder when 228 is divided by y?
40
Suppose 0 = -2*d + 23 + 67. Suppose 0 = -4*p + 3*h + d, 0*h - 1 = -h. What is the remainder when 33 is divided by p?
9
What is the remainder when 20 is divided by 1 + 15/(-1 + 4)?
2
Let u = 878 - 811. What is the remainder when 80 is divided by u?
13
Suppose 3*t + 4*m = 91, 3*t - m - 99 = -13. Calculate the remainder when 86 is divided by t.
28
Suppose 4*g = g + 5*i + 30, 20 = 2*g - 2*i. Suppose 0 = g*h - 8*h + 20. Let w = h + 32. What is the remainder when 41 is divided by w?
19
Let q be (-4631)/(-44) + (-2 + 5)/(-12). What is the remainder when 173 is divided by 3 - (q/(-5) - -2)?
19
Suppose 0 = -8*u + 4*u. Suppose 4*s = n + 71, u*n + 4*n = s + 1. What is the remainder when 37 is divided by s?
18
Suppose 1566 = 13*a - 7*a. What is the remainder when a is divided by 12?
9
Let p = 219 + -207. Let q(l) = 2*l + 16. Let d(i) = 5*i + 33. Let x(h) = -6*d(h) + 14*q(h). What is the remainder when 12 is divided by x(p)?
0
Let b = -39 + 111. Suppose 3*g - 40 = -4*v, -4*v + 4*g = -g - b. Let o = -9363 - -9370. What is the remainder when v is divided by o?
6
Suppose -d - 425 = -2*a - 6*d, -d + 605 = 3*a. What is the remainder when a is divided by 21?
11
Suppose 0 = y - a - 2*a - 50, 5*y + 5*a - 350 = 0. Calculate the remainder when 129 is divided by y.
64
Suppose 0 = 4*n - 0*n. Suppose 2*o - 10 = -4*m, n = -11*o + 7*o + 3*m + 20. What is the remainder when 23 is divided by o?
3
What is the remainder when 44 is divided by 1/(2/(-14))*-6?
2
Let c(h) = -h**2 - 7*h + 7. Suppose -2*g = g - 12. Suppose g*u = -49 + 245. Calculate the remainder when u is divided by c(-6).
10
Let x(z) = z**2 - 4. Let i be x(9). Suppose i = 8*o - 11. Calculate the remainder when 63 is divided by o.
8
Let n(g) = 4*g**2 + 43*g + 24. Calculate the remainder when n(-14) is divided by 21.
17
Let q be 5 - 1 - (-2 + 4). Suppose q*v + 3*k - 188 = -0*k, -2*v + 3*k = -188. What is the remainder when v is divided by 16?
14
Let k = 14 + -17. Let b = k - -223. Suppose -5*q + 2*t = -257, b = 4*q - 0*q + 2*t. Calculate the remainder when q is divided by 14.
11
Suppose -136 = 16*t - 24*t. Suppose -2*w - 5*c = -9, 3*w + 4*c = t + 7. Calculate the remainder when w is divided by 8.
4
What is the remainder when (2 - 234)/(-4) - 84/(-14) is divided by 28?
8
Suppose -5*a = 4*b + 250, 4*a = -2*b + 4*b - 226. Let p = a - -55. Calculate the remainder when (6/(-2))/(0 - 1) is divided by p.
0
Let m be 4/(-22) + (-476)/44. Let s be (-2 - -1)/((-2)/(-34)). Let c = m - s. Calculate the remainder when 11 is divided by c.
5
Let l(x) = -4*x + 48. Let c be l(23). Calculate the remainder when 139 is divided by (33/c)/(1/(-64)).
43
What is the remainder when 67 is divided by -1 + 88/10 - (-92)/(-115)?
4
Suppose g = -4*g + 5. Suppose -q - g = 8. Let h = 17 + q. What is the remainder when 21 is divided by h?
5
What is the remainder when 219 is divided by 5 + -4 + -8 - -120?
106
Let v(m) = -8*m - 12. Let z(f) = -1 + 3*f + 4*f + 12. Let n(h) = 5*v(h) + 6*z(h). What is the remainder when 47 is divided by n(5)?
15
Let f = 118 + -109. Let n be (-401 + 2)/(-3) + -3. Suppose 3*k - 8*k = -n. Calculate the remainder when k is divided by f.
8
Let b(h) = -h - 6 + 3*h - 11 - 3*h. Let c be b(15). Let d = c + 56. Calculate the remainder when 93 is divided by d.
21
Suppose 0 = -5*d + 58 + 437. Let h be ((-36)/(-8) - 3)*(-26)/(-1). Let k = h - 14. Calculate the remainder when d is divided by k.
24
Let m(q) = -q**2 + 8*q + 10. Let y be m(8). Suppose -12*h = -y*h - 14. Let b(a) = a**3 - 5*a**2 - 11*a + 10. Calculate the remainder when b(h) is divided by 11.
9
Let f = 3 - -2. Let k(d) be the first derivative of d**4/4 + 3*d**3 + 8*d - 7. What is the remainder when k(-9) is divided